 h be 0 + i - 34 - 3. Let w = -15 - h. What is the tens digit of w?
2
Let p(f) = 21*f**2 - f. Suppose 1 - 10 = 3*w + 3*t, -3*w + t + 7 = 0. Let c be p(w). Suppose -6*v + v = -l - c, 15 = -l + 4*v. What is the units digit of l?
5
Let a be 22/5 + (-2)/5. Let q = 1 + a. Suppose q*t + 5 = 2*b, 0 = -4*b + t + 19. What is the units digit of b?
5
Let b(c) = -6*c - 1. Let r = -2 + 0. Let i(g) = -5*g - 2. Let t(d) = r*b(d) + 3*i(d). What is the units digit of t(-3)?
5
Let k(v) = -v**3 - 7*v**2 - 8*v - 5. Let x be -19 - -2 - (4 - 2). Let s = 13 + x. What is the units digit of k(s)?
7
Suppose 2*m - 7*m = -265. What is the tens digit of m?
5
Let x(d) = -2*d**2 - 33*d - 2. What is the tens digit of x(-14)?
6
What is the units digit of 56*((-4)/(-14) + (-35)/(-49))?
6
Let r(a) = -a - 1. Let v be r(-1). Suppose m + v*m - 4 = 0. Suppose m*h - 37 + 9 = 0. What is the units digit of h?
7
Let g(r) = -r**3 + 5*r**2 - 2*r + 4. What is the units digit of g(4)?
2
Let z(b) = -2*b**2 + 3. Let g be z(3). What is the units digit of g/(-2)*8/6?
0
Let h(v) = -v**2 + 3*v + 8 + 0*v + 3*v. What is the units digit of h(7)?
1
Suppose 0 = 4*r + 5*p + 8, 4*r + p + 13 = 7*r. Suppose -1 = -2*l + r. What is the units digit of l?
2
Suppose -4*c - 131 = -43. Let v be (-7)/(35/c)*5. Suppose -34 - v = -4*r. What is the units digit of r?
4
Let m be ((-2)/3)/(4/(-18)). Suppose -l = m, l = -4*a + a + 30. What is the units digit of a?
1
Suppose 0 = -k - 3*k + 16. Suppose x + 3*w + 7 - 24 = 0, w = -k*x + 24. Suppose -x = -3*d - 2*d. What is the units digit of d?
1
Let d(o) = o**3 - 4*o**2 - 4*o. Let w be d(5). Suppose w*c - 38 = 2*f, -3*c = 3*f - 5 - 1. Let a(z) = z - 2. What is the units digit of a(c)?
4
Suppose q + 55 = 6*q. Suppose q = -3*c + 4*c. What is the tens digit of c?
1
Let p = 0 + 0. Suppose p = r - 3. What is the units digit of (r + 5)*(-1)/(-2)?
4
What is the units digit of 152/20*(-10)/(-4)?
9
Let w = -8 + 10. Suppose -w*n + 4*n = 4*c - 40, 68 = 5*c + 2*n. What is the units digit of c?
2
Let j(l) = -l**3 - l**2 + 2*l**3 + 3*l - 5*l**2 - 6. What is the tens digit of j(6)?
1
What is the units digit of -1 - (-10 + -2 - 1)?
2
Suppose 2*p + 7 = -1. What is the units digit of (-1 - p) + 8 + -1?
0
Let c be (3/6)/(1/4). Suppose 0*f + 10 = c*f. What is the units digit of f?
5
Suppose 0 = -2*b + 9*n - 4*n + 521, -3*n + 233 = b. What is the tens digit of b?
4
Suppose 3*f + 4 = 4*f. Suppose -f*a + 112 + 8 = 0. What is the units digit of a?
0
Let o(i) = 3*i - 4. Let a be o(2). Suppose 0 = 5*r - a - 3. What is the units digit of r?
1
Suppose -3*u = u - 4*f + 16, -5*f + 20 = -u. Let x = 8 + -6. Let q = x - u. What is the units digit of q?
2
Suppose g = -2*c + 22, 0 = -c - g + 4*g + 11. Suppose -c = -o - 2. What is the units digit of o?
9
Let r(a) = a**3 - 3*a**2 - 4*a + 3. Suppose -2*o - 16 = 2*o. Let t = 0 - o. What is the units digit of r(t)?
3
Let c = -22 - -47. What is the units digit of c?
5
Let w = 43 + -23. Suppose -w = -8*y + 3*y. Suppose 3*f + 8 = y*f. What is the units digit of f?
8
Let k(l) = -l**3 + 10*l**2 - 8*l + 1. Let p(t) = -10*t**3 - t**2 - t - 1. Let w = -5 + 4. Let i be p(w). What is the tens digit of k(i)?
1
Suppose 2*i - 69 = 13. What is the tens digit of i?
4
Let n(d) = d + 20. What is the units digit of n(0)?
0
Let d be -8 + 5 + 12/2. Suppose -32 = -d*t + t. What is the tens digit of t?
1
Suppose 3*c - 5 = 7. Suppose -3*s - c*n = 2*s - 11, -2*s - 2*n = -4. Suppose -3*h - s*a = -36, -3*a + 27 = 2*h - 2*a. What is the units digit of h?
5
Let t = 327 - 143. What is the hundreds digit of t?
1
Let a be (2 - 1)*-1*0. Suppose 5*f + 22 = 5*c + f, -4*f = -4*c + 20. Suppose a = 2*o + p - 0*p - 5, 35 = 5*o - c*p. What is the units digit of o?
5
What is the tens digit of 32/208 - (-6782)/26?
6
Let p(a) = 10*a**2 - 8*a + 18. What is the tens digit of p(6)?
3
Suppose 4*t = -x + 7, 4*x + 4*t + 0*t - 40 = 0. What is the tens digit of x?
1
Let a(o) = 2*o**3 - 7*o**2 + 3*o + 8. What is the units digit of a(5)?
8
Let v(n) = n + 1. Let i be v(0). Let l = i + 3. What is the units digit of l?
4
Let p = -72 - -99. What is the units digit of p?
7
Let y be (1 + -1)*2/6. Suppose y*c + 20 = 4*c. What is the units digit of c?
5
Let g be 0/(-1) + -2 + 2. Suppose 0*f + f - 16 = g. What is the tens digit of f?
1
Let m = 7 + -6. What is the units digit of m + (2 - 2)/1?
1
Suppose 0 = 4*x - 12 - 96. What is the units digit of x?
7
Suppose -10 = 5*q, 2*v - 6*v = -3*q + 50. Let o = -10 - v. What is the units digit of o?
4
What is the tens digit of (109 - 1)/(18/27)?
6
Suppose -4*o + 10 = o. Let f = 13 + o. What is the tens digit of f/(-3)*3/(-1)?
1
What is the units digit of (-16)/8 - 67/(-1)?
5
Suppose -127 = -5*u + 218. What is the units digit of u?
9
Let i(a) = -a**3 - 6*a**2 + 4. Let w be i(-6). Suppose -p + 2*u + 37 = 0, u + 172 = 5*p + w*u. What is the tens digit of p?
3
Let s = -194 + 289. What is the tens digit of s?
9
Let z(o) = 10*o**3 - o**2 - 1. What is the tens digit of z(3)?
6
Let d(j) = j**2 - 2*j + 1. Suppose l = 3*l - 8. What is the units digit of d(l)?
9
Let a = 4 + 0. Suppose -4*t - 32 = -2*n, a*n + t = -3*t + 40. What is the units digit of n?
2
What is the units digit of (33/3)/(1 + 0)?
1
Let u(a) = a**2 + 2*a - 2. What is the tens digit of u(3)?
1
Let z(g) = 16*g + 70. What is the units digit of z(7)?
2
Let n(l) = -l**3 - 27*l**2 - 57*l + 33. What is the hundreds digit of n(-25)?
2
Let n be (-5)/(-1*3/15). Suppose h + n = 3*s, s + 0*h = 2*h. Let f = -5 + s. What is the units digit of f?
5
Let j be 3 + 0 + 35 - -2. Let m = j + -24. Suppose -6*z + 2*z + m = 0. What is the units digit of z?
4
Suppose -5*y + 2*y = -3. What is the tens digit of (-476)/(-20) + y/5?
2
Suppose -4*a = -8*a + 292. What is the tens digit of a?
7
What is the tens digit of 4/14 - ((-570)/14 - 2)?
4
Suppose 46 = 2*c - 4*w, -4*c - 5*w = c - 85. Let g = 34 - c. Suppose -5*l = 3*k - 35, k + 3*l = -2*l + g. What is the tens digit of k?
1
Let n = 416 - 271. What is the hundreds digit of n?
1
Let y(p) = -p**2 - 7*p - 6. Let c be y(-4). Suppose -2*f + 96 = -c. What is the units digit of f?
1
What is the tens digit of (1 + (2 - -2) + -4)*143?
4
Let d(c) = c**2 - 10*c - 1. Let n be d(10). Let s = n - -6. What is the units digit of s?
5
Let b = -163 + 317. What is the tens digit of b?
5
Let g(f) = -f + 17. Let d be g(7). Let y = d + -5. Suppose 4*p - 24 - 40 = -4*j, p + 86 = y*j. What is the tens digit of j?
1
Suppose 3*r - 9 = 0, -3*r = -4*t - 9 - 96. What is the tens digit of (-6)/t + 102/8?
1
Let p(c) = c**2 + 2*c - 3. What is the units digit of p(4)?
1
Let i = -7 + 40. What is the units digit of i?
3
Let g = 1 + 1. Suppose -g*m - 9 = -29. Suppose 3*p - m = p. What is the units digit of p?
5
Suppose 3*p - 82 = 17. Let f = -20 + p. Suppose n + 4*i + f = 44, -20 = -4*i. What is the tens digit of n?
1
Let s(z) = 4*z**2 + 3*z + 4. What is the tens digit of s(6)?
6
Let l = -16 - -9. Let o(r) = 5 + 0 - 3*r + r. What is the units digit of o(l)?
9
What is the units digit of -30*(-248)/36 - (-4)/3?
8
Let p(n) = -6*n + 6. Let h be p(5). What is the units digit of (-162)/h + 1/4?
7
Suppose 0 = q + m + 9, -q = 2*m - 5 + 19. Let f be 0/q*(-2)/(-4). Let u = 6 + f. What is the units digit of u?
6
Suppose -4*v = 5 - 221. What is the units digit of v?
4
Suppose -29 = -q + 5*y, 0*y + 3*y + 3 = 0. What is the units digit of q?
4
What is the hundreds digit of (12/9*-3)/((-22)/781)?
1
Suppose 3*v + v - 16 = 0. Suppose o - v = -0. Suppose 0 = -o*s + 8. What is the units digit of s?
2
Let t(u) = u**3 + 4*u**2. Let i be t(-4). Suppose 5*j - 3*j = 4. Suppose -j*h + i*l + 22 = 2*l, 0 = 5*h - 2*l - 62. What is the tens digit of h?
1
Let s = 32 + -18. Let z = s - 0. Suppose 0 = -2*x + z - 0. What is the units digit of x?
7
Let q(i) = -4*i**2 - i - 1. Let n be q(-2). Suppose -8*g - 297 = -105. What is the units digit of (-10)/(-4)*g/n?
4
Let o(z) = -z**2 - 4*z + 6. Let n(j) = 6*j + 1. Let w be n(-1). What is the units digit of o(w)?
1
Suppose -2*a = -7*a + 50. What is the units digit of a?
0
Suppose 222 + 93 = 5*z. What is the tens digit of z?
6
Suppose 3*g = -g - 28. Let r(l) = -l**2 - 10*l + 3. Let w(p) = p**2 + 9*p - 4. Let k(i) = -2*r(i) - 3*w(i). What is the units digit of k(g)?
6
Let l(t) = t + 9. Let n = 14 + -8. Let b be 3/n*-2 - 6. 